{"id":73,"date":"2021-09-11T08:19:37","date_gmt":"2021-09-11T06:19:37","guid":{"rendered":"http:\/\/www.aktionsbuendnis-urologie.de\/?page_id=73"},"modified":"2024-05-22T10:06:27","modified_gmt":"2024-05-22T08:06:27","slug":"impressum","status":"publish","type":"page","link":"https:\/\/www.aktionsbuendnis-urologie.de\/index.php\/impressum\/","title":{"rendered":"Impressum"},"content":{"rendered":"\n<p>Betreiber dieser Webseite ist der Aktionsb\u00fcndnis Urologie e.V. &#8211; Dachverband der bayerischen Urologen.<\/p>\n\n\n\n<p><strong>Angaben zum Aktionsb\u00fcndnis Urologie e.V. &#8211; Dachverband der bayerischen Urologen<\/strong><br>Sitz des Vereins: Hauptstr. 82 in 82467 Garmisch-Partenkirchen<br>Telefon: 08821\/7528497<br>Fax: 08821\/7528498<br>E-Mail: &#x6b;o&#x6e;&#116;&#x61;&#107;t&#x40;a&#x62;&#117;&#x77;&#101;b&#x2e;&#100;&#x65;<br>Vorstandsvorsitzender: Dr. med. Jochen Schiffers<br>Der Verein ist unter der Nr. VR 202407 in das Vereinsregister beim Amtsgericht M\u00fcnchen eingetragen.<\/p>\n\n\n\n<p><strong>Urheberrecht und gewerblicher Rechtsschutz<\/strong><br>Der gesamte Inhalt der Internet-Seite unterliegt dem Schutz des Urheberrechts, dem gewerblichen Rechtsschutz und anderen Gesetzen zum Schutz des geistigen Eigentums. Ihre Weitergabe, Ver\u00e4nderung, gewerbliche Nutzung oder Verwendung auf anderen Websites ist untersagt. Einige Seiten enthalten Bilder, deren Rechte von Dritten nur zur Nutzung in dieser Website erworben wurden.<\/p>\n\n\n\n<p><strong>\u00c4nderungsvorbehalt<\/strong><br>Wir behalten uns das Recht vor, den Inhalt dieser Internet-Seiten ohne vorherige Ank\u00fcndigungen zu \u00e4ndern. Eine Haftung ergibt sich daraus nicht.<\/p>\n\n\n\n<p><strong>Geltung deutschen Rechts<\/strong><br>Internet-Disclaimer und Erkl\u00e4rung unterliegen ausschlie\u00dflich dem deutschen Recht.<br>Weiterer Haftungsausschlu\u00df bitte <a rel=\"noreferrer noopener\" href=\"https:\/\/www.disclaimer.de\/disclaimer.htm?farbe=FFFFFF\/000000\/000000\/000000\" target=\"_blank\">hier klicken<\/a><\/p>\n\n\n\n<p><strong>a.s.Verein<\/strong><br>Die Vereinsverwaltung des Aktionsb\u00fcndnis Urologie e.V. erfolgt \u00fcber das Plugin a.s.Verein. N\u00e4here Informationen zu a.s.Verein finden Sie&nbsp;<a rel=\"noreferrer noopener\" href=\"https:\/\/asverein.de\/?pid=551\" target=\"_blank\">hier<\/a>.<\/p>\n","protected":false},"excerpt":{"rendered":"<p>Betreiber dieser Webseite ist der Aktionsb\u00fcndnis Urologie e.V. &#8211; Dachverband der bayerischen Urologen. Angaben zum Aktionsb\u00fcndnis Urologie e.V. &#8211; Dachverband der bayerischen UrologenSitz des Vereins: Hauptstr. 82 in 82467 Garmisch-PartenkirchenTelefon: 08821\/7528497Fax: 08821\/7528498E-Mail: &#x6b;o&#x6e;&#116;&#x61;&#107;&#x74;&#x40;a&#x62;&#117;&#x77;&#101;&#x62;&#46;d&#x65;Vorstandsvorsitzender: Dr. med. Jochen SchiffersDer Verein ist unter der Nr. VR 202407 in das Vereinsregister beim Amtsgericht M\u00fcnchen eingetragen. Urheberrecht und gewerblicher RechtsschutzDer&hellip;&nbsp;<a href=\"https:\/\/www.aktionsbuendnis-urologie.de\/index.php\/impressum\/\" rel=\"bookmark\">Weiterlesen &raquo;<span class=\"screen-reader-text\">Impressum<\/span><\/a><\/p>\n","protected":false},"author":1,"featured_media":0,"parent":0,"menu_order":0,"comment_status":"closed","ping_status":"closed","template":"","meta":{"neve_meta_sidebar":"","neve_meta_container":"","neve_meta_enable_content_width":"","neve_meta_content_width":0,"neve_meta_title_alignment":"","neve_meta_author_avatar":"","neve_post_elements_order":"","neve_meta_disable_header":"","neve_meta_disable_footer":"","neve_meta_disable_title":"","footnotes":""},"class_list":["post-73","page","type-page","status-publish","hentry"],"_links":{"self":[{"href":"https:\/\/www.aktionsbuendnis-urologie.de\/index.php\/wp-json\/wp\/v2\/pages\/73","targetHints":{"allow":["GET"]}}],"collection":[{"href":"https:\/\/www.aktionsbuendnis-urologie.de\/index.php\/wp-json\/wp\/v2\/pages"}],"about":[{"href":"https:\/\/www.aktionsbuendnis-urologie.de\/index.php\/wp-json\/wp\/v2\/types\/page"}],"author":[{"embeddable":true,"href":"https:\/\/www.aktionsbuendnis-urologie.de\/index.php\/wp-json\/wp\/v2\/users\/1"}],"replies":[{"embeddable":true,"href":"https:\/\/www.aktionsbuendnis-urologie.de\/index.php\/wp-json\/wp\/v2\/comments?post=73"}],"version-history":[{"count":6,"href":"https:\/\/www.aktionsbuendnis-urologie.de\/index.php\/wp-json\/wp\/v2\/pages\/73\/revisions"}],"predecessor-version":[{"id":336,"href":"https:\/\/www.aktionsbuendnis-urologie.de\/index.php\/wp-json\/wp\/v2\/pages\/73\/revisions\/336"}],"wp:attachment":[{"href":"https:\/\/www.aktionsbuendnis-urologie.de\/index.php\/wp-json\/wp\/v2\/media?parent=73"}],"curies":[{"name":"wp","href":"https:\/\/api.w.org\/{rel}","templated":true}]}}